
True
Is 791 a composite number?
True
Is 12781 a composite number?
False
Is 190049 composite?
True
Is 476977 prime?
True
Is 35671 a composite number?
False
Is 81611 a prime number?
True
Is 7019 composite?
False
Is 22843 composite?
True
Is 1053907 a composite number?
True
Is 440845 a composite number?
True
Is 16051 a prime number?
False
Is 916387 a composite number?
False
Is 214769 a prime number?
False
Is 10061 composite?
False
Is 48197 a prime number?
True
Is 1009 composite?
False
Is 16183 a prime number?
True
Is 511639 a prime number?
False
Is 34467 prime?
False
Is 1121633 a prime number?
False
Is 7435 composite?
True
Is 3194 prime?
False
Is 887 composite?
False
Is 2491661 prime?
True
Is 485201 a composite number?
False
Is 116591 a composite number?
True
Is 135461 a composite number?
False
Is 178387 a prime number?
False
Is 1902517 a composite number?
False
Is 65479 a composite number?
False
Is 23809 a composite number?
True
Is 223379 a prime number?
False
Is 5077 a composite number?
False
Is 668155 a prime number?
False
Is 316967 a composite number?
True
Is 8947 a prime number?
False
Is 25249 a prime number?
False
Is 377 composite?
True
Is 1870031 prime?
False
Is 191329 composite?
True
Is 599243 a composite number?
False
Is 47321 prime?
False
Is 48907 a composite number?
False
Is 1856963 composite?
False
Is 762367 prime?
True
Is 47981 composite?
False
Is 77821 prime?
False
Is 1889 a prime number?
True
Is 97737 a prime number?
False
Is 41359 a composite number?
True
Is 19597 composite?
False
Is 249967 a composite number?
False
Is 11413 a composite number?
True
Is 1709 composite?
False
Is 17047 composite?
False
Is 5143 prime?
False
Is 123191 a prime number?
True
Is 521 a composite number?
False
Is 1711703 prime?
False
Is 53351 composite?
True
Is 7113 a composite number?
True
Is 199777 composite?
False
Is 3863 a composite number?
False
Is 113755 a prime number?
False
Is 282707 prime?
True
Is 182811 a prime number?
False
Is 20543 a composite number?
False
Is 1387257 composite?
True
Is 41359 a prime number?
False
Is 5847 composite?
True
Is 318161 a prime number?
True
Is 945701 prime?
True
Is 13567 prime?
True
Is 30059 prime?
True
Is 577667 composite?
False
Is 19077 a composite number?
True
Is 5042 prime?
False
Is 173062 prime?
False
Is 12563 composite?
True
Is 17519 a prime number?
True
Is 25481 a composite number?
True
Is 4871 a composite number?
False
Is 293071 composite?
False
Is 2643747 prime?
False
Is 62113 a composite number?
True
Is 28799 a prime number?
False
Is 105295 a composite number?
True
Is 3394151 a composite number?
True
Is 378991 a prime number?
False
Is 2153 a composite number?
False
Is 100609 a composite number?
False
Is 15661 a composite number?
False
Is 104001 a prime number?
False
Is 98369 a prime number?
True
Is 1368013 composite?
False
Is 557 a composite number?
False
Is 1989337 a prime number?
False
Is 16993 a composite number?
False
Is 921143 a composite number?
False
Is 46459 composite?
True
Is 923501 a prime number?
True
Is 602483 a composite number?
True
Is 161 a prime number?
False
Is 27509 prime?
True
Is 22947 composite?
True
Is 15563 composite?
True
Is 743 a composite number?
False
Is 335441 a prime number?
False
Is 2059741 prime?
True
Is 13069 a composite number?
True
Is 76559 composite?
True
Is 10747 prime?
False
Is 8611 composite?
True
Is 661529 a prime number?
False
Is 74687 a composite number?
False
Is 1793 composite?
True
Is 705583 a composite number?
True
Is 40277 prime?
True
Is 24709 a prime number?
True
Is 3389 a prime number?
True
Is 1235881 composite?
True
Is 1462139 a composite number?
True
Is 11279 composite?
False
Is 54049 composite?
False
Is 78839 composite?
False
Is 385813 a prime number?
False
Is 640589 composite?
False
Is 125669 prime?
True
Is 377831 composite?
False
Is 601187 prime?
True
Is 54941 a prime number?
True
Is 5137153 a prime number?
False
Is 2567 a composite number?
True
Is 42277 composite?
True
Is 951683 prime?
False
Is 1502727 prime?
False
Is 1711 a prime number?
False
Is 2796063 prime?
False
Is 64133 composite?
True
Is 2393 a prime number?
True
Is 5147 a prime number?
True
Is 242533 a prime number?
True
Is 159917 a composite number?
True
Is 494149 a prime number?
False
Is 209621 a composite number?
False
Is 9267 composite?
True
Is 24782 a composite number?
True
Is 4709 a prime number?
False
Is 4103 prime?
False
Is 141367 a composite number?
True
Is 3989 prime?
True
Is 303733 a composite number?
True
Is 4999 a prime number?
True
Is 165173 composite?
False
Is 8161 a composite number?
False
Is 2276041 composite?
False
Is 94201 a prime number?
True
Is 1062311 a composite number?
False
Is 87663 prime?
False
Is 295553 prime?
True
Is 42589 a prime number?
True
Is 8402 composite?
True
Is 7631 a composite number?
True
Is 57899 composite?
False
Is 2726779 a composite number?
True
Is 314521 composite?
True
Is 6407 a composite number?
True
Is 1024711 composite?
False
Is 8518 prime?
False
Is 83833 a prime number?
True
Is 3900683 a composite number?
True
Is 199 prime?
True
Is 77189 a prime number?
False
Is 6349 a prime number?
False
Is 27479 a composite number?
False
Is 130079 composite?
False
Is 139249 prime?
False
Is 207229 prime?
False
Is 150439 a prime number?
True
Is 488381 prime?
True
Is 97655 prime?
False
Is 2999 composite?
False
Is 28235 prime?
False
Is 513583 composite?
True
Is 683971 a prime number?
False
Is 709409 a composite number?
False
Is 729253 prime?
False
Is 440101 a composite number?
False
Is 1039 prime?
True
Is 8501 a prime number?
True
Is 1354373 composite?
True
Is 11967 prime?
False
Is 3086 a composite number?
True
Is 2186459 a composite number?
True
Is 4162 a composite number?
True
Is 5294 a composite number?
True
Is 3847 a prime number?
True
Is 10559 a prime number?
True
Is 117263 composite?
True
Is 229226 prime?
False
Is 223189 a composite number?
True
Is 46999 a composite number?
True
Is 2399 composite?
False
Is 2813 prime?
False
Is 1317 prime?
False
Is 22009 a prime number?
False
Is 456713 prime?
False
Is 223711 composite?
False
Is 58991 a prime number?
True
Is 1117981 a prime number?
False
Is 1799 a prime number?
False
Is 30947 a composite number?
True
Is 1109 composite?
False
Is 26281 a prime number?
False
Is 398771 a prime number?
True
Is 17551 prime?
True
Is 132911 a composite number?
False
Is 8730239 composite?
True
Is 114547 a prime number?
True
Is 212203 prime?
True
Is 130855 composite?
True
Is 29591 a prime number?
False
Is 54059 composite?
False
Is 519379 a composite number?
True
Is 14681 composite?
True
Is 71741 prime?
True
Is 1625969 a composite number?
False
Is 92813 prime?
False
Is 157299 prime?
False
Is 10937 a prime number?
True
Is 406789 prime?
True
Is 4262 a prime number?
False
Is 10123 a prime number?
False
Is 10942 prime?
False
Is 26549 a prime number?
False
Is 14189 a prime number?
False
Is 1254089 a composite number?
True
Is 6337 a composite number?
False
Is 44723 composite?
True
Is 818 composite?
True
Is 23977 a composite number?
False
Is 7621 a prime number?
True
Is 14767 prime?
True
Is 50689 a composite number?
True
Is 16649 prime?
True
Is 10762 prime?
False
Is 33001 composite?
True
Is 449 a composite number?
False
Is 260527 prime?
True
Is 7849 a prime number?
False
Is 2921 a composite number?
True
Is 44579 a prime number?
True
Is 9313 prime?
False
Is 111431 a prime number?
True
Is 278969 prime?
False
Is 55103 composite?
False
Is 210113 composite?
False
Is 30553 prime?
True
Is 9113 composite?
True
Is 5381 prime?
True
Is 229397 a composite number?
True
Is 2256301 prime?
False
Is 334231 composite?
False
Is 21959 composite?
True
Is 39583 composite?
True
Is 10979 a prime number?
True
Is 317483 composite?
False
Is 1398107 a prime number?
True
Is 1087 prime?
True
Is 363107 a prime number?
False
Is 5501 a composite number?
False
Is 8131 composite?
True
Is 6593 a composite number?
True
Is 629315 a composite number?
True
Is 42629 a prime number?
False
Is 50111 a composite number?
False
Is 230203 prime?
True
Is 127481 prime?
True
Is 24779 a composite number?
True
Is 897931 prime?
True
Is 632733 a prime number?
False
Is 28473 a prime number?
False
Is 947 composite?
False
Is 266017 a composite number?
True
Is 7433 composite?
False
Is 1002973 composite?